3450. Is j composite?
True
Let c = -793 + 804. Let d(u) = 190*u**2 - 27*u + 46. Is d(c) composite?
False
Let l = 73954 + 8929. Is l composite?
False
Let d = 197076 + -98773. Is d composite?
True
Let b(v) = v + 10. Let n be b(-8). Suppose -6*m + n*m + 5*w + 4500 = 0, 0 = -3*m - 2*w + 3375. Suppose 6*s - m = 1437. Is s prime?
False
Let m = -126683 - -795594. Is m a prime number?
False
Let c = 28 - 19. Suppose -4*d + c + 11 = 0. Suppose r - m - m = 633, r + d*m - 640 = 0. Is r a composite number?
True
Let o = -407362 + 975711. Is o a prime number?
True
Suppose 0*b - 3*b = 2*a + 4, -6 = 3*a + b. Is -3 - 3/a - 28425/(-10) composite?
True
Suppose -2*g = -5*x + 484921, -x + 48117 = -g - 48869. Is x a prime number?
False
Let a(h) = h**3 + 288. Let o be a(0). Let y = o - 203. Is y a prime number?
False
Suppose 0 = 3*n - 3, 0 = f - 5*n - 1566 - 3290. Is f a prime number?
True
Let y(b) = -103*b + 1. Let f be y(8). Let d = -987 - -2769. Let a = d + f. Is a a composite number?
True
Suppose 0 = -8*p + 1875 + 549. Let j = p - 162. Is j*(-2)/(24/(-44)) a composite number?
True
Let b(h) = 6*h**2 - h + 1. Let y be b(1). Suppose -4*x = 2*l - 7750, -y*x + 5*l = -5*x - 1943. Let i = -683 + x. Is i prime?
False
Let h = 271 - 266. Suppose m - 5*m + 12193 = h*x, -m + 7313 = 3*x. Is x composite?
False
Suppose 5*a + 5*b - 340 = -0*a, 3*b = 0. Let o = a + -67. Is (-3 + (-2 + o)*2434)*-1 composite?
False
Let g(b) = -1070*b - 85. Let t be g(33). Let m = -21474 - t. Is m composite?
False
Let n(v) = -7*v - 32. Let t be n(-7). Suppose -5*f - 5*b = -12805, t*f - 22*f + 5*b + 12785 = 0. Is f a composite number?
True
Let j(h) = 265*h**3 + 11*h**2 - 37*h - 11. Is j(6) a composite number?
True
Suppose -z + 27*y + 959 = 28*y, -3*z = 4*y - 2873. Let u = 4000 - z. Is u prime?
True
Let y(m) = -4*m - 16. Let p be y(-2). Let b = p - -10. Suppose -4*c = 3*s - 11152, 0 = -b*c - 3*s + 744 + 4838. Is c prime?
False
Let k(w) = -5*w**3 - 9*w**2 - 213*w - 70. Is k(-19) composite?
False
Suppose -11*f = -6298 - 2216. Let v = 8 + f. Suppose -v = -2*y - 2*m, 6*m + 411 = y + 2*m. Is y a prime number?
False
Let i(r) = 452*r. Let x be i(5). Suppose -10*y + 8*y = -x. Suppose 11*f - 16*f + y = 0. Is f prime?
False
Suppose -15*s - 436 = 5189. Let b = s - -7012. Is b prime?
True
Suppose 31*a - 1688357 + 135633 = 511907. Is a a composite number?
False
Let w(r) be the second derivative of 588*r**3 + 19*r**2/2 - 11*r + 3. Is w(4) a prime number?
False
Suppose -21*c + 22*c - 6 = 0. Let x be (c - (2 - -2)) + -2384. Is (-56)/(-42)*x/(-8) a prime number?
True
Let u(n) = n + 11. Let m be u(-6). Let c = m - -19. Is -6*(5 - 388/c) a composite number?
False
Suppose -23*b + 138 = -0*b. Is b/10 + 224388/45 prime?
True
Let z(v) = -v**3 + 3*v**2 - 14*v - 601. Is z(-61) composite?
False
Suppose -5*i = -9*i. Suppose i = 13*s - 23*s + 30. Suppose 2*a - 2657 = -s*q + 982, 0 = -5*a. Is q a prime number?
True
Let s(d) = 758*d**3 + d**2 - d. Let a be s(1). Let k = a + -51. Is k a prime number?
False
Let k = 82 + -14. Suppose 11*p - k = -6*p. Suppose 5*y + p*n - 3*n = 2081, y + n = 413. Is y a prime number?
False
Let p(i) = 437*i - 181. Suppose 6*l = 36 + 144. Is p(l) composite?
True
Suppose 4*y + 71096 = 2*p, -11*y + 8*y + 3*p - 53322 = 0. Let q = -11731 - y. Is q a prime number?
True
Let v = -282008 - -438469. Is v prime?
False
Let h(q) = -q**3 + 6*q**2 - 2*q + 8. Let i be h(3). Suppose -25*s + i*s - 1036 = 0. Is s a composite number?
True
Let l = 485084 - 249645. Is l a prime number?
True
Let p = -7413 - -4130. Let f = 6096 + p. Is f a prime number?
False
Let p = -5417 - -5333. Suppose -2*o = 3*o + 6385. Let k = p - o. Is k composite?
False
Let i(n) = -52*n + 12. Let b be i(3). Let c = b + 147. Suppose -4*p - 4*v = -2472, -c*p = -0*v - 4*v - 1826. Is p a composite number?
True
Let c(i) = 19 + 9 + 1025*i - 538*i. Is c(7) prime?
False
Suppose 5*r = 4*f - 670395, 17*f = 22*f + 4*r - 838045. Is f prime?
False
Let h = -128 + 27. Let n = 99 + h. Let p(i) = 95*i**2 + i + 1. Is p(n) a composite number?
False
Let o(v) = -188*v**2 - 69*v + 11. Let b be o(10). Is b/(-18) - (77/(-42) + 2) a composite number?
True
Suppose 0 = -4*v - 4*c - 2 - 2, -4*v + 5*c = 31. Is (7 + (-90)/v)*14 composite?
True
Let p be 153/204*(100 + 0 + 0). Is 15/(p/1270) + 0 + -1 prime?
False
Let z = 15 + -8. Let c(n) = 13*n**2 - 11*n - 117. Let q(r) = -15*r**2 + 12*r + 133. Let s(m) = -7*c(m) - 6*q(m). Is s(z) a composite number?
False
Let d(k) = 371*k - 134. Let s be d(7). Let q = s + 974. Is q prime?
False
Suppose -195 = 3*o + 2*o. Let s = -36 - o. Suppose 1298 - 167 = s*x. Is x a composite number?
True
Let n(w) be the first derivative of -5*w**4 - 11*w**3 - 17*w**2 - 40*w + 231. Is n(-13) a composite number?
True
Let f(r) = -2*r**2 - 143*r + 2. Let k = 977 + -990. Is f(k) a prime number?
True
Suppose -13*h + 39007 = -36840 + 22404. Is h a composite number?
False
Let q(f) = -393*f - 93. Let r be q(-15). Suppose 4*w = 91462 - r. Is w a composite number?
True
Suppose 97*x - 134*x = -592. Let k(t) be the first derivative of 28*t**3/3 - 9*t**2 - 17*t + 7. Is k(x) prime?
True
Suppose 2*q = -5*v + 7*v + 496578, -16 = 4*v. Is q/184 - (-3)/(-8) prime?
False
Let z(n) = -111*n + 85. Let b be z(-6). Suppose 755*j - b*j - 5756 = 0. Is j prime?
True
Suppose 30*x - 2646460 - 851069 = 745641. Is x prime?
True
Suppose -773 = -i + 4*q, 755 = i - 5*q + 10*q. Let s = i + -511. Is s prime?
False
Suppose c - 4*x - 97 + 29 = 0, -3*c + 190 = -5*x. Let d = c - -847. Is d prime?
True
Suppose 3*t - 8 - 1 = 0. Let z(v) = -116*v - 239. Let i be z(-13). Suppose -5*d - 2147 = -5*u - d, -4*d + i = t*u. Is u composite?
True
Let h(x) = 6595*x + 227. Is h(26) a composite number?
False
Let x(r) = 22*r**2 + 1576*r + 377. Is x(112) composite?
False
Let o be (-2056)/(-26) + (-41)/533. Is -1*5 + 194656/o a composite number?
False
Let q = -245 + 254. Is 0 + (3/(q/867) - -4) a composite number?
False
Let y(b) = 659186*b**3 - 5*b**2 + 4*b. Is y(1) a prime number?
False
Suppose k + 2*k = 5*u + 172, 0 = -u + 4. Let i = k + -66. Is (-4 + (-2)/i)*(-293)/3 prime?
True
Is ((-9687920)/(-22) - 23)/(-1 + 0 - -4) a composite number?
True
Suppose 20*j - 111088 - 28852 = 0. Is j prime?
True
Suppose -3*f + 76 = 16*f. Suppose -10924 = -5*k + 3*n, -f*k + 6*k = -5*n + 4351. Is k a composite number?
True
Let v = -885 - -887. Suppose 0 = d + v*f - 41559, -3*d - 5*f + 78611 = -46064. Is d a composite number?
True
Suppose 2*l = 52657 + 20957. Is l composite?
True
Let o(l) = -94*l + 589. Is o(-36) prime?
False
Let b = -643 + 645. Suppose 13544 = 4*m + 3*z, b*z = m - 3391 - 6. Is m prime?
True
Suppose 177*n = 167*n + 80. Suppose 0 = 4*p - n*p + 37844. Is p prime?
True
Let b(r) = r**2 + 3*r + 2. Let j be b(-4). Suppose -3*o = -12, 0 = -2*t - 10*o + 13*o - 36. Is (-7052)/t + (-4)/j a prime number?
True
Is ((-16)/10 - -2)/(16*(-15)/(-308268600)) composite?
False
Let t(d) = d**2 - 66*d - 335. Is t(-42) a prime number?
True
Let s = 3900 + 24797. Is s composite?
False
Suppose -19*j + 1808792 - 662085 = 0. Is j prime?
True
Suppose -2*x - 1360 = -6792. Suppose l + x = 2*z - l, -1364 = -z - l. Is z a prime number?
True
Suppose 0 = -15*j + 1766966 + 1588039. Is j composite?
False
Suppose -2*a = 2*a - 12. Suppose -3*w = -w + 5*s - 153, 0 = s - a. Is w a composite number?
True
Let n(i) = -178*i - 37. Let l = -92 + 80. Is n(l) a prime number?
True
Let g be (-9)/15 - 74/10. Let m(c) = 152*c - 23. Let u(z) = -101*z + 16. Let a(n) = 5*m(n) + 8*u(n). Is a(g) a prime number?
True
Let h = 16765 + -2318. Is h composite?
False
Let n = 1323959 + -878408. Is n composite?
True
Let a be 5087 + (-1)/((-4)/((-12)/3)). Suppose m - a = -3*s, -7*m = -5*m + 5*s - 10169. Is m a composite number?
False
Suppose -g + 5*y = -97052, -388133 = -60*g + 56*g - 5*y. Is g a prime number?
False
Let p(r) be the third derivative of r**6/60 + r**5/15 - 3*r**4/8 - 23*r**3/6 - 16*r**2. Is p(10) a prime number?
True
Let b be (132/10)/((-10)/(-25)). Let q = b + 362. Suppose -1105 = -2*u - q. Is u a prime number?
False
Let a = -91 - -244. Suppose -1517 = -2*t - 3*z, -t + 2*z + a + 602 = 0. Is t a composite number?
False
Let m = 14771 + 18756. Is m prime?
False
Let l = 190344 + -6733. Is l composite?
False
Let y = 184 + -174. Suppose y*a - 278066 = -95436. Is a composi